common divisor of 132 and 1774938?
66
Calculate the greatest common factor of 118 and 2966697.
59
What is the highest common divisor of 7029 and 374?
11
Calculate the highest common factor of 13200 and 9400.
200
What is the highest common factor of 9840 and 49569?
123
Calculate the highest common factor of 517293 and 966.
483
What is the greatest common factor of 11595 and 135?
15
What is the highest common divisor of 1989 and 1078701?
663
What is the greatest common divisor of 44 and 3144?
4
What is the highest common divisor of 2635 and 43520?
85
Calculate the greatest common divisor of 103428 and 1020.
204
What is the greatest common factor of 105 and 68485?
5
What is the greatest common factor of 142639 and 355?
71
What is the highest common factor of 240 and 230520?
120
Calculate the greatest common divisor of 4042 and 13348.
94
What is the greatest common factor of 91 and 48979?
7
What is the highest common divisor of 177852 and 36?
12
What is the highest common factor of 3808 and 606424?
952
Calculate the highest common divisor of 1584 and 1644.
12
What is the greatest common factor of 1267083 and 162?
81
Calculate the greatest common factor of 3610 and 2400.
10
Calculate the highest common factor of 44619 and 6741.
321
Calculate the greatest common factor of 258942 and 10506.
618
What is the greatest common factor of 3689 and 222394?
527
What is the highest common divisor of 3572 and 2491?
47
What is the greatest common divisor of 198889 and 767?
59
What is the greatest common divisor of 166635 and 1012?
23
What is the highest common factor of 261029 and 58?
29
Calculate the greatest common divisor of 415 and 15.
5
What is the greatest common factor of 106569 and 18?
9
What is the greatest common divisor of 1947 and 82423?
649
Calculate the greatest common divisor of 49692 and 600.
12
What is the greatest common divisor of 37 and 144633?
37
Calculate the greatest common factor of 251095 and 130.
65
What is the highest common divisor of 210 and 116515?
35
What is the highest common divisor of 487 and 3082223?
487
Calculate the highest common factor of 27287 and 377.
13
Calculate the greatest common divisor of 3627 and 533.
13
What is the greatest common factor of 5550 and 60384?
222
What is the highest common divisor of 324 and 31023?
81
Calculate the greatest common factor of 110 and 1270.
10
Calculate the highest common divisor of 1216 and 66652.
76
What is the greatest common factor of 320307 and 3483?
129
Calculate the greatest common divisor of 1139692 and 284.
284
Calculate the greatest common divisor of 234049 and 43.
43
Calculate the greatest common divisor of 4876 and 5984071.
1219
What is the greatest common divisor of 226275 and 294?
21
What is the greatest common divisor of 9487 and 1219?
53
What is the highest common divisor of 1054 and 14161?
17
Calculate the greatest common divisor of 274 and 410041.
137
Calculate the highest common factor of 7146 and 1314.
18
Calculate the highest common factor of 1724224 and 9290.
1858
Calculate the greatest common factor of 11824 and 12912.
16
Calculate the greatest common factor of 138 and 14418.
6
Calculate the greatest common factor of 338 and 73658.
26
What is the highest common factor of 2150 and 5275?
25
Calculate the greatest common divisor of 1425 and 10248.
3
Calculate the highest common divisor of 9240 and 15785.
385
Calculate the highest common factor of 20909 and 2100.
7
Calculate the greatest common factor of 2943 and 31311.
9
What is the highest common divisor of 6 and 10402?
2
Calculate the highest common factor of 1729 and 32604.
247
Calculate the greatest common factor of 2646 and 24318.
126
Calculate the highest common factor of 15093 and 26325.
351
What is the highest common divisor of 975 and 195?
195
What is the greatest common factor of 5832 and 4905?
9
What is the greatest common factor of 27 and 412290?
27
What is the greatest common factor of 66946 and 5728?
358
Calculate the highest common divisor of 21331 and 498.
83
What is the highest common factor of 48 and 257694?
6
Calculate the highest common divisor of 4434 and 48.
6
Calculate the highest common divisor of 10 and 255790.
10
Calculate the greatest common divisor of 1496 and 37136.
88
Calculate the highest common factor of 56 and 226219.
7
What is the greatest common factor of 775938 and 1896?
474
Calculate the greatest common divisor of 30353 and 1016.
127
Calculate the greatest common divisor of 6174 and 567.
63
What is the highest common factor of 294235 and 4565?
415
Calculate the greatest common divisor of 58368 and 171.
57
What is the greatest common divisor of 150 and 797410?
10
What is the greatest common factor of 38989 and 71531?
307
Calculate the highest common divisor of 160616 and 9656.
136
Calculate the greatest common factor of 9485 and 6755.
35
What is the highest common divisor of 48 and 1641378?
6
What is the highest common factor of 972 and 900?
36
Calculate the highest common divisor of 78 and 280670.
26
Calculate the highest common factor of 4904 and 7969.
613
Calculate the greatest common factor of 253 and 6222029.
253
Calculate the greatest common divisor of 35375 and 4811.
283
Calculate the highest common divisor of 48 and 5618.
2
What is the greatest common factor of 2 and 4528?
2
Calculate the highest common divisor of 9760 and 2318.
122
Calculate the highest common divisor of 48143 and 62.
31
What is the highest common divisor of 22 and 42053?
11
Calculate the highest common divisor of 46607 and 551.
19
Calculate the greatest common divisor of 4980 and 84992.
332
What is the greatest common divisor of 33 and 638?
11
What is the highest common factor of 12 and 166588?
4
Calculate the highest common divisor of 928 and 152448.
32
Calculate the greatest common divisor of 589 and 8455.
19
What is the greatest common factor of 20800 and 32825?
325
What is the highest common divisor of 25 and 1684425?
25
Calculate the greatest common divisor of 92 and 22609.
23
Calculate the greatest common divisor of 627 and 3780183.
627
What is the greatest common factor of 247 and 1131?
13
What is the highest common divisor of 251 and 5303630?
251
What is the greatest common factor of 2964 and 111378?
114
What is the greatest common divisor of 606 and 5549142?
606
What is the highest common divisor of 3818944 and 64?
64
What is the highest common factor of 899 and 4089?
29
What is the highest common divisor of 408 and 43554?
102
What is the highest common factor of 10673 and 462223?
821
What is the highest common factor of 487679 and 51?
17
What is the greatest common divisor of 3872 and 8544?
32
Calculate the highest common factor of 1316 and 1960.
28
Calculate the highest common divisor of 263160 and 680.
680
Calculate the greatest common divisor of 180 and 131730.
30
Calculate the greatest common divisor of 1 and 29723.
1
What is the highest common factor of 104 and 1996?
4
Calculate the greatest common divisor of 634928 and 1792.
112
Calculate the highest common factor of 912 and 11052528.
912
Calculate the highest common factor of 6525 and 3825.
225
What is the greatest common factor of 1068 and 444288?
1068
What is the highest common divisor of 7046 and 25922?
26
What is the highest common divisor of 2968452 and 180?
36
Calculate the greatest common factor of 887390 and 686.
98
Calculate the greatest common divisor of 104982 and 6.
6
Calculate the greatest common factor of 190 and 44365.
95
What is the greatest common factor of 856 and 1522396?
428
Calculate the highest common factor of 3244318 and 231.
77
What is the highest common divisor of 1917800 and 215?
215
What is the highest common divisor of 6235 and 171570?
215
Calculate the greatest common factor of 3465 and 637945.
385
Calculate the highest common divisor of 27 and 902043.
27
Calculate the greatest common factor of 2653 and 2471.
7
What is the greatest common factor of 5868 and 38468?
652
Calculate the highest common factor of 22016 and 1548.
172
Calculate the greatest common factor of 45 and 69021.
9
Calculate the greatest common divisor of 2064 and 183180.
516
Calculate the highest common factor of 2271698 and 188.
94
What is the highest common divisor of 805 and 3955?
35
What is the greatest common divisor of 37 and 43974